{"id":5707,"date":"2015-02-19T09:48:19","date_gmt":"2015-02-19T12:48:19","guid":{"rendered":"http:\/\/demo2.wpresidence.net\/?page_id=5707"},"modified":"2021-11-29T11:01:09","modified_gmt":"2021-11-29T14:01:09","slug":"contact-us-3","status":"publish","type":"page","link":"https:\/\/paganoarquitectura.com.ar\/web\/?page_id=5707","title":{"rendered":"Contact Us"},"content":{"rendered":"<p>[vc_row][vc_column][vc_empty_space height=&#8221;&#8221;][vc_column_text css_animation=&#8221;bounceIn&#8221; css=&#8221;.vc_custom_1631379661238{margin-top: 50px !important;}&#8221;]Nuestra empresa cuenta con a\u00f1os de experiencia en el servicio de la construcci\u00f3n y administraci\u00f3n de bienes. En Pagano Arquitectura &amp; Bienes continuamos el legado heredado de la Constructora Pagano creada bajo el concepto de Empresa Familiar, sumando una visi\u00f3n moderna del mercado y conservando las cualidades que siempre nos caracterizaron. Nuestros clientes contaran con una atenci\u00f3n personalizada abarcando diversos \u00e1ngulos para un asesoramiento completo, tanto en la b\u00fasqueda de soluciones para bienes residenciales como comerciales, aportando resoluciones de cuestiones arquitect\u00f3nicas y de dise\u00f1o de interior. Somos una Empresa con vocaci\u00f3n y compromiso por lo que hacemos.[\/vc_column_text][\/vc_column][\/vc_row][vc_row][vc_column][vc_column_text css_animation=&#8221;bounceIn&#8221; css=&#8221;.vc_custom_1631380048948{margin-top: 20px !important;}&#8221;]<\/p>\n<ul>\n<strong>NUESTROS SERVICIOS:<\/strong>\n<\/ul>\n<ul>\n<strong>VENTAS<\/strong><\/p>\n<li>Alquileres<\/li>\n<li>Tasaciones<\/li>\n<li>Administraciones<\/li>\n<\/ul>\n<ul>\n<strong>AREA ARQUITECTURA<\/strong><\/p>\n<li>Remodelaci\u00f3n<\/li>\n<li>Dise\u00f1o de Interior<\/li>\n<li>Regularizaci\u00f3n<\/li>\n<li>Ampliaciones<\/li>\n<li>Obra Nueva<\/li>\n<\/ul>\n<p>[\/vc_column_text][\/vc_column][\/vc_row][vc_row][vc_column][vc_column_text css_animation=&#8221;bounceIn&#8221;]<b><strong>COMUNICACION:<\/strong><\/b><\/p>\n<p><b><\/b>Las propiedades que ofrecemos tanto a la venta como en alquiler ,tienen su llegada al mercado a traves de revistas de primera linea en la zona, carteleria en la via publica,\u00a0sitio web con dominio propio y actualizacion diaria.[\/vc_column_text][vc_column_text css=&#8221;.vc_custom_1631379244845{margin-top: -40px !important;}&#8221;]<b>Pagano Arquitectura le ofrece soluciones integrales en el rubro inmobiliario,servicios y asesoramiento en inversiones.<\/b>[\/vc_column_text][\/vc_column][\/vc_row]<\/p>\n","protected":false},"excerpt":{"rendered":"<p>[vc_row][vc_column][vc_empty_space height=&#8221;&#8221;][vc_column_text css_animation=&#8221;bounceIn&#8221; css=&#8221;.vc_custom_1631379661238{margin-top: 50px !important;}&#8221;]Nuestra empresa cuenta con a\u00f1os de experiencia en el servicio de la construcci\u00f3n y administraci\u00f3n de bienes. En Pagano Arquitectura &amp; Bienes continuamos el legado heredado de la Constructora Pagano creada bajo el concepto de Empresa Familiar, sumando una visi\u00f3n moderna del mercado y conservando las cualidades que siempre nos caracterizaron. Nuestros clientes contaran con una atenci\u00f3n personalizada abarcando &#8230;<\/p>\n","protected":false},"author":8,"featured_media":0,"parent":0,"menu_order":0,"comment_status":"open","ping_status":"closed","template":"contact_page.php","meta":{"_joinchat":[],"footnotes":""},"class_list":["post-5707","page","type-page","status-publish","hentry"],"_links":{"self":[{"href":"https:\/\/paganoarquitectura.com.ar\/web\/index.php?rest_route=\/wp\/v2\/pages\/5707","targetHints":{"allow":["GET"]}}],"collection":[{"href":"https:\/\/paganoarquitectura.com.ar\/web\/index.php?rest_route=\/wp\/v2\/pages"}],"about":[{"href":"https:\/\/paganoarquitectura.com.ar\/web\/index.php?rest_route=\/wp\/v2\/types\/page"}],"author":[{"embeddable":true,"href":"https:\/\/paganoarquitectura.com.ar\/web\/index.php?rest_route=\/wp\/v2\/users\/8"}],"replies":[{"embeddable":true,"href":"https:\/\/paganoarquitectura.com.ar\/web\/index.php?rest_route=%2Fwp%2Fv2%2Fcomments&post=5707"}],"version-history":[{"count":11,"href":"https:\/\/paganoarquitectura.com.ar\/web\/index.php?rest_route=\/wp\/v2\/pages\/5707\/revisions"}],"predecessor-version":[{"id":19446,"href":"https:\/\/paganoarquitectura.com.ar\/web\/index.php?rest_route=\/wp\/v2\/pages\/5707\/revisions\/19446"}],"wp:attachment":[{"href":"https:\/\/paganoarquitectura.com.ar\/web\/index.php?rest_route=%2Fwp%2Fv2%2Fmedia&parent=5707"}],"curies":[{"name":"wp","href":"https:\/\/api.w.org\/{rel}","templated":true}]}}